. What are the prime factors of f?
2, 3, 7, 11
Suppose -4*a + 21*a - 93143 = 0. What are the prime factors of a?
5479
Let r = 46 - 44. Suppose -11*w - r*w = -65. Let f = w - -4. What are the prime factors of f?
3
Let l = -391 - -394. Suppose 2*p = l*k - 1608, 4*k - 10*p + 8*p = 2144. List the prime factors of k.
2, 67
Suppose l - 9 = -2*x, l - 6*l + 10 = 5*x. Suppose 2636 = x*y - 255. What are the prime factors of y?
7, 59
What are the prime factors of (5152/(-48))/(13/(-7761))?
2, 7, 23, 199
What are the prime factors of -2 + ((-48)/(-15) - 4)*-3530?
2, 17, 83
Suppose 4 = u + 2. Let q be (-2)/(u/(-6)*-2). What are the prime factors of 2/(((-18)/21)/q)?
7
Let g = -3353 + 1851. Let w = 2279 + g. List the prime factors of w.
3, 7, 37
Suppose 22*m = 17*m + 55. Suppose -5*h + 3*i = m, h - i + 3 = -0. List the prime factors of 0 - (h/1 - 51).
2, 13
Let x(b) = -b**2 + 6*b + 19. Let g be x(7). Suppose g*c - 7*c + 20 = 0. Let a(p) = -44*p + 7. What are the prime factors of a(c)?
3, 61
Let c(u) = 191 - 168 + 2*u**2 - 3*u**2 + u**3. What are the prime factors of c(8)?
3, 157
Let o be (8/(-6))/(6/(-135)). Let i(a) = 22*a + 97. List the prime factors of i(o).
757
Let u(k) = 7*k**2 + 15*k - 54. Let o be u(6). List the prime factors of (88/(-3))/((-48)/o).
2, 11
Suppose -21*y + 49*y + 2380 = 0. Let w be -252 + (-2)/(-1) + 0. Let r = y - w. What are the prime factors of r?
3, 5, 11
Suppose 0 = -5*r + 23 - 3, -3*v + 3*r = -15324. Suppose 7*u = 2*p + 3*u - v, -p + 5*u = -2556. What are the prime factors of 175/(-55) + 3 + p/22?
2, 29
Let t = 3164 + -1590. List the prime factors of t.
2, 787
Let s(x) be the third derivative of x**5/60 - x**3 + 27*x**2. Let h be s(-3). Suppose -v = 2*b - 106, 50 = b + h*v + 2. What are the prime factors of b?
2, 3
Let h = -111 - -189. Suppose -5*k - h = -1128. List the prime factors of k/(-55) + 4 + 1206/22.
5, 11
Suppose -5*v + 7*a = -260859, 4*a + 104296 = 2*v + 8*a. List the prime factors of v.
2, 11, 2371
Let a be (7 - 1209)/((-15)/(-10) + -1). List the prime factors of (a/6)/(43/(-129)).
2, 601
Let l be (-1)/(707/5292 - (-2)/(-14)). List the prime factors of (-4)/18 - (-15036)/l.
139
Let m be (-28084)/(-32) + 3 + 6/16. Suppose -2*y - 739 = -m. What are the prime factors of y?
71
Let h = -171 + 185. Let d(q) = 4*q**2 - 30*q - 32. What are the prime factors of d(h)?
2, 83
What are the prime factors of (-12693050)/1635*3*1/(-2)?
5, 17, 137
Let l(p) = 48*p**2 - 40*p - 22. List the prime factors of l(9).
2, 1753
Suppose 4*p = 18 - 26, -2*p - 12868 = -4*s. What are the prime factors of s?
2, 3, 67
Let f = 369 + -368. Let j(k) = 644*k**3 - 2*k**2 + 17*k - 16. List the prime factors of j(f).
643
Suppose -239 + 218 = 3*g. Let i = g + 11. List the prime factors of i.
2
Suppose 70700 = 56*q + 14*q. List the prime factors of q.
2, 5, 101
Suppose 21*t = 38*t + 12*t - 418180. What are the prime factors of t?
2, 5, 7, 103
Suppose -5*m = 627 + 753. Let v = m - 129. List the prime factors of ((-44)/(-3))/((-6)/v*9).
2, 5, 11
Let q(o) = -10*o**3 - 3*o**2 - 2*o. Let u be q(-1). Suppose -8*p - 180 = -u*p. Suppose 4*f = p + 472. List the prime factors of f.
163
Suppose -4*u - 5 = -3*k, -4*u = 3*k + 7 - 20. Suppose 2*q = 2*x + 456, -3*q = 2*q - k*x - 1140. What are the prime factors of q?
2, 3, 19
Let s = -185 - -191. Suppose 16*b - 18*b + s = 0. List the prime factors of b.
3
Suppose 17*d + 89172 = 8*d + 18*d. What are the prime factors of d?
2, 2477
Let f = 114 - 203. Let t = f - -35. Let v = t - -80. List the prime factors of v.
2, 13
Let s(v) = -v**3 - 14*v**2 + 20*v - 8. Let c be s(-16). Suppose 26 = 2*p - c. Suppose w = 24 + p. What are the prime factors of w?
3, 43
Let v be (-22 - 9) + 4 + (-2 - -1). Let n = 182 + v. What are the prime factors of n?
2, 7, 11
Let o be (-2 - (-695)/2)/(26/104). Let k = o + -677. What are the prime factors of k?
3, 5, 47
Let t = -4792 - -7236. Let y = -1126 + t. What are the prime factors of y?
2, 659
Suppose -5*w - 3*j = -105160, 13078 = -2*w - 2*j + 55138. List the prime factors of w.
5, 7, 601
Suppose 22*c - 11*c - 985677 = -22*c. List the prime factors of c.
7, 17, 251
Let v(s) = 2*s**2 + 10*s - 10. Let d be v(-6). Let l(w) = 14*w - 3. Let f be l(d). Suppose 52 = -21*r + f*r. List the prime factors of r.
13
Let t be 11620 + ((-1)/(-3))/((-1)/(-3)). Suppose 2827 = 14*x - t. List the prime factors of x.
2, 3, 43
Suppose -3*q - 15 = 0, -4*z + 10*q = 7*q + 1037. Let t = -69 - z. List the prime factors of t.
2, 97
Let q = 43 - 31. Suppose f - q = -5*m + 2, -3*f + 20 = 4*m. Suppose 169 = 3*i - k - 25, 4 = -m*k. List the prime factors of i.
2
Suppose -16590 = -2*x + 4*n, 14 = 2*n + 24. List the prime factors of x.
5, 1657
Let l = -210 + 186. List the prime factors of 189 + 0 + l/(-6).
193
Let r be (-26)/(-39) - 10*(-3)/9. Suppose -5*o = -r*g + 484 + 208, -g + 173 = -2*o. What are the prime factors of g?
173
Suppose -25*c + c = 264. What are the prime factors of (c + (-72)/(-8))*1364/(-2)?
2, 11, 31
Suppose -13*y + 119978 + 23672 - 32071 = 0. What are the prime factors of y?
3, 2861
Let v = 263 + 312. Suppose -2*i + v = -159. What are the prime factors of i?
367
Suppose 4*s = 16, -4*s = 5*k - 8062 - 6604. What are the prime factors of k?
2, 5, 293
Let o be (-14)/(-8) - 1246/(-56). Suppose o*t = -686 + 45014. What are the prime factors of t?
1847
Let g(b) = 206*b**2 - 2*b - 6. What are the prime factors of g(-4)?
2, 17, 97
Suppose -13 = -5*x - 38, -k = -4*x - 8. List the prime factors of (327/k)/((-9)/216).
2, 3, 109
Suppose -4*k = -2*k - 2*m - 620, m - 2 = 0. Suppose 12*y - k = 1476. What are the prime factors of y?
149
Let f be (-45)/(-10)*(-176)/(-12). List the prime factors of (-1347)/f*-2 - 8/(-44).
41
Suppose -14*c + 9*c - 30*c = -373170. List the prime factors of c.
2, 3, 1777
Let o be (1 - 1)/(-1*(0 + -2)). Suppose -334 = -o*d - d. Suppose 0*a + x + 76 = a, -4*a = 2*x - d. What are the prime factors of a?
3
Let v(d) = 22*d**3 + d**2 + 14*d + 11. Let m be v(11). List the prime factors of (-4)/22 + m/242.
2, 61
Suppose 4*g - 1582 = -2*o - 0*o, 2*g + 4*o - 776 = 0. Let b = -170 + g. Suppose 9 = -w + b. List the prime factors of w.
3, 73
Let k = -13 + 267. Let s = 340 - k. List the prime factors of s.
2, 43
What are the prime factors of ((7320/(-28))/(-5))/(11/2233)?
2, 3, 29, 61
Let r(y) = 118*y**3 + 6*y**2 - 11*y + 26. List the prime factors of r(4).
2, 5, 7, 109
Let w(x) = 24*x**2 + 54*x - 20. List the prime factors of w(20).
2, 5, 13, 41
Suppose 16*u = -120*u + 724336. List the prime factors of u.
2, 2663
Let r(q) = 5999*q + 10. List the prime factors of r(1).
3, 2003
Suppose 5*q - 2*q = 663. List the prime factors of 21/9*(-2 + q).
7, 73
Let p(h) = h**3 + 18*h**2 + 21*h + 21. Let c be p(-16). Suppose c = 4*b - 395. Suppose 146 + 14 = 2*a + f, 2*a - 2*f - b = 0. What are the prime factors of a?
2, 3, 13
Suppose -31*y + 1553099 = -39061. List the prime factors of y.
2, 3, 5, 107
Let h be (-218)/(-9) - (3 - 25/9). Let n = h + -18. Suppose 457 = n*m - 143. List the prime factors of m.
2, 5
Suppose -33 = -2*s - 3*a, 48 = -s + 6*s - 4*a. Let j be s + 20/(-4) - 3. What are the prime factors of 151*1/2 - 2/j?
3, 5
Let d(j) = j**3 - 7*j**2 - 6*j + 6. Let f be d(8). Suppose -10 = -n - 4*n - 5*o, -3*o - f = -4*n. Let t(s) = 20*s - 16. What are the prime factors of t(n)?
2
Let f = -26812 + 70708. List the prime factors of f.
2, 3, 31, 59
Suppose -10*z = 6*z - 7552. Suppose 12 = 4*s - z. List the prime factors of s.
11
Let q(u) = 6*u**2 - 5*u - 1. Let c be q(-6). Suppose -370 = -3*a - 4*d, 2*a + 0*a = -d + c. Suppose -4*t + a + 138 = 0. List the prime factors of t.
5, 13
Let r(i) = 35*i + 1273. What are the prime factors of r(21)?
2, 251
Let l(v) be the first derivative of 4*v**3 - 3*v**2 - 6*v - 5. Let p be l(-4). Suppose 0*c - p = -2*c. What are the prime factors of c?
3, 5, 7
Let p be (-29)/(-116) + (-210)/8. What are the prime factors of 4/p - (-83646)/702?
7, 17
Let u = 1376 + -768. Suppose 3*g = -g + u. Suppose s + 156 = 3*v - 275, -v + 2*s = -g. What are the prime factors of v?
2, 71
Let o = 99 - 95. Suppose o*w - 11*w - 875 = 0. Let f = -94 - w. What are the prime factors of f?
31
Suppose 412*u = 420*u - 34296. List the prime factors of u.
3, 1429
Let z be (-442)/(-8) - (-2 + (-10)/(-8)). Let o = 86 - z.